{"id":2052,"date":"2023-09-27T14:59:45","date_gmt":"2023-09-27T14:59:45","guid":{"rendered":"https:\/\/lasventastour.com\/acces\/"},"modified":"2025-09-04T11:58:29","modified_gmt":"2025-09-04T11:58:29","slug":"acces","status":"publish","type":"page","link":"https:\/\/lasventastour.com\/fr\/acces\/","title":{"rendered":"Acc\u00e8s"},"content":{"rendered":"<section class=\"l-section wpb_row height_medium\"><div class=\"l-section-h i-cf\"><div class=\"g-cols vc_row via_grid cols_1 laptops-cols_inherit tablets-cols_inherit mobiles-cols_1 valign_top type_default stacking_default\"><div class=\"wpb_column vc_column_container\"><div class=\"vc_column-inner\"><div class=\"wpb_text_column\"><div class=\"wpb_wrapper\"><h1 style=\"text-align: center;\">Acc\u00e8s aux Ar\u00e8nes de Las Ventas<\/h1>\n<\/div><\/div><div class=\"w-separator size_medium\"><\/div><div class=\"g-cols wpb_row via_grid cols_2 laptops-cols_inherit tablets-cols_inherit mobiles-cols_1 valign_top type_default stacking_default\" style=\"--columns-gap:3rem;\"><div class=\"wpb_column vc_column_container\"><div class=\"vc_column-inner\"><div class=\"wpb_text_column\"><div class=\"wpb_wrapper\"><p><strong>Ar\u00e8nes de Las Ventas<\/strong> Entr\u00e9e de la visite par la Puerta Grande (porte principale), en face de la station de m\u00e9tro. C\/ Alcal\u00e1, 237 - 28028 Madrid T\u00e9l. et Whatsapp : +34 687 73 90 32 Email :<a href=\"mailto:info@lasventastour.com\"> info@lasventastour.com<\/a><\/p>\n<\/div><\/div><\/div><\/div><div class=\"wpb_column vc_column_container\"><div class=\"vc_column-inner\"><div class=\"wpb_text_column\"><div class=\"wpb_wrapper\"><p><strong>Transports publics :<\/strong><\/p>\n<ul>\n<li style=\"list-style-type: none;\">\n<ul>\n<li>M\u00e9tro : Station Ventas (ligne 2)<\/li>\n<li>Bus : 12, 21, 38, 53, 53, 106, 110, 146<\/li>\n<\/ul>\n<\/li>\n<\/ul>\n<\/div><\/div><\/div><\/div><\/div><\/div><\/div><\/div><\/div><\/section><section class=\"l-section wpb_row height_medium\"><div class=\"l-section-h i-cf\"><div class=\"g-cols vc_row via_grid cols_1-4-1 laptops-cols_inherit tablets-cols_inherit mobiles-cols_1 valign_top type_default stacking_default\"><div class=\"wpb_column vc_column_container\"><div class=\"vc_column-inner\"><\/div><\/div><div class=\"wpb_column vc_column_container\"><div class=\"vc_column-inner\"><div class=\"w-html\"><iframe src=\"https:\/\/www.google.com\/maps\/embed?pb=!1m18!1m12!1m3!1d3036.972695597169!2d-3.6629044!3d40.4316035!2m3!1f0!2f0!3f0!3m2!1i1024!2i768!4f13.1!3m3!1m2!1s0xd42297ecc990d87%3A0x4aa81520b8c7b08e!2sLas%20Ventas%20Tour%20-%20Plaza%20de%20Toros%20Madrid!5e0!3m2!1ses!2ses!4v1756984089561!5m2!1ses!2ses\" width=\"600\" height=\"450\" style=\"border:0;\" allowfullscreen=\"\" loading=\"lazy\" referrerpolicy=\"no-referrer-when-downgrade\"><\/iframe><\/div><\/div><\/div><div class=\"wpb_column vc_column_container\"><div class=\"vc_column-inner\"><\/div><\/div><\/div><\/div><\/section>\n","protected":false},"excerpt":{"rendered":"Acc\u00e8s aux Ar\u00e8nes de Las Ventas Ar\u00e8nes de Las Ventas Entr\u00e9e de la visite par la Puerta Grande (porte principale), en face de la station de m\u00e9tro. C\/ Alcal\u00e1, 237 - 28028 Madrid T\u00e9l. et Whatsapp : +34 687 73 90 32 Email : info@lasventastour.com Transports publics : M\u00e9tro : Station Ventas (ligne 2) Bus...","protected":false},"author":1,"featured_media":0,"parent":0,"menu_order":0,"comment_status":"closed","ping_status":"closed","template":"","meta":{"footnotes":""},"class_list":["post-2052","page","type-page","status-publish","hentry"],"yoast_head":"<!-- This site is optimized with the Yoast SEO plugin v27.5 - https:\/\/yoast.com\/product\/yoast-seo-wordpress\/ -->\n<title>\u25b7Acc\u00e8s Visite des ar\u00e8nes de Las Ventas | Site officiel<\/title>\n<meta name=\"description\" content=\"Acc\u00e8s aux visites des Ar\u00e8nes de Las Ventas ainsi que les meilleurs moyens de transport publics et priv\u00e9s. Site Officiel.\" \/>\n<meta name=\"robots\" content=\"index, follow, max-snippet:-1, max-image-preview:large, max-video-preview:-1\" \/>\n<link rel=\"canonical\" href=\"https:\/\/lasventastour.com\/fr\/acces\/\" \/>\n<meta property=\"og:locale\" content=\"fr_FR\" \/>\n<meta property=\"og:type\" content=\"article\" \/>\n<meta property=\"og:title\" content=\"\u25b7Acc\u00e8s Visite des ar\u00e8nes de Las Ventas | Site officiel\" \/>\n<meta property=\"og:description\" content=\"Acc\u00e8s aux visites des Ar\u00e8nes de Las Ventas ainsi que les meilleurs moyens de transport publics et priv\u00e9s. Site Officiel.\" \/>\n<meta property=\"og:url\" content=\"https:\/\/lasventastour.com\/fr\/acces\/\" \/>\n<meta property=\"og:site_name\" content=\"Las Ventas Tour\" \/>\n<meta property=\"article:modified_time\" content=\"2025-09-04T11:58:29+00:00\" \/>\n<meta property=\"og:image\" content=\"https:\/\/lasventastour.com\/wp-content\/uploads\/2023\/12\/paseillo-en-las-ventas.webp\" \/>\n\t<meta property=\"og:image:width\" content=\"511\" \/>\n\t<meta property=\"og:image:height\" content=\"280\" \/>\n\t<meta property=\"og:image:type\" content=\"image\/webp\" \/>\n<meta name=\"twitter:card\" content=\"summary_large_image\" \/>\n<meta name=\"twitter:label1\" content=\"Dur\u00e9e de lecture estim\u00e9e\" \/>\n\t<meta name=\"twitter:data1\" content=\"1 minute\" \/>\n<script type=\"application\/ld+json\" class=\"yoast-schema-graph\">{\"@context\":\"https:\\\/\\\/schema.org\",\"@graph\":[{\"@type\":\"WebPage\",\"@id\":\"https:\\\/\\\/lasventastour.com\\\/fr\\\/acces\\\/\",\"url\":\"https:\\\/\\\/lasventastour.com\\\/fr\\\/acces\\\/\",\"name\":\"\u25b7Acc\u00e8s Visite des ar\u00e8nes de Las Ventas | Site officiel\",\"isPartOf\":{\"@id\":\"https:\\\/\\\/lasventastour.com\\\/fr\\\/#website\"},\"datePublished\":\"2023-09-27T14:59:45+00:00\",\"dateModified\":\"2025-09-04T11:58:29+00:00\",\"description\":\"Acc\u00e8s aux visites des Ar\u00e8nes de Las Ventas ainsi que les meilleurs moyens de transport publics et priv\u00e9s. Site Officiel.\",\"breadcrumb\":{\"@id\":\"https:\\\/\\\/lasventastour.com\\\/fr\\\/acces\\\/#breadcrumb\"},\"inLanguage\":\"fr-FR\",\"potentialAction\":[{\"@type\":\"ReadAction\",\"target\":[\"https:\\\/\\\/lasventastour.com\\\/fr\\\/acces\\\/\"]}]},{\"@type\":\"BreadcrumbList\",\"@id\":\"https:\\\/\\\/lasventastour.com\\\/fr\\\/acces\\\/#breadcrumb\",\"itemListElement\":[{\"@type\":\"ListItem\",\"position\":1,\"name\":\"Portada\",\"item\":\"https:\\\/\\\/lasventastour.com\\\/fr\\\/\"},{\"@type\":\"ListItem\",\"position\":2,\"name\":\"Acc\u00e8s\"}]},{\"@type\":\"WebSite\",\"@id\":\"https:\\\/\\\/lasventastour.com\\\/fr\\\/#website\",\"url\":\"https:\\\/\\\/lasventastour.com\\\/fr\\\/\",\"name\":\"Las Ventas Tour\",\"description\":\"Tour Las Ventas | Plaza de Toros de Madrid | Web Oficial\",\"publisher\":{\"@id\":\"https:\\\/\\\/lasventastour.com\\\/fr\\\/#organization\"},\"alternateName\":\"Las Ventas Tour\",\"potentialAction\":[{\"@type\":\"SearchAction\",\"target\":{\"@type\":\"EntryPoint\",\"urlTemplate\":\"https:\\\/\\\/lasventastour.com\\\/fr\\\/?s={search_term_string}\"},\"query-input\":{\"@type\":\"PropertyValueSpecification\",\"valueRequired\":true,\"valueName\":\"search_term_string\"}}],\"inLanguage\":\"fr-FR\"},{\"@type\":\"Organization\",\"@id\":\"https:\\\/\\\/lasventastour.com\\\/fr\\\/#organization\",\"name\":\"Las Ventas Tour\",\"alternateName\":\"Las Ventas Tour\",\"url\":\"https:\\\/\\\/lasventastour.com\\\/fr\\\/\",\"logo\":{\"@type\":\"ImageObject\",\"inLanguage\":\"fr-FR\",\"@id\":\"https:\\\/\\\/lasventastour.com\\\/fr\\\/#\\\/schema\\\/logo\\\/image\\\/\",\"url\":\"https:\\\/\\\/lasventastour.com\\\/wp-content\\\/uploads\\\/2024\\\/09\\\/cropped-Logo-Las-Ventas-1.webp\",\"contentUrl\":\"https:\\\/\\\/lasventastour.com\\\/wp-content\\\/uploads\\\/2024\\\/09\\\/cropped-Logo-Las-Ventas-1.webp\",\"width\":512,\"height\":512,\"caption\":\"Las Ventas Tour\"},\"image\":{\"@id\":\"https:\\\/\\\/lasventastour.com\\\/fr\\\/#\\\/schema\\\/logo\\\/image\\\/\"},\"sameAs\":[\"https:\\\/\\\/www.instagram.com\\\/lasventastour\\\/\"]}]}<\/script>\n<!-- \/ Yoast SEO plugin. -->","yoast_head_json":{"title":"\u25b7Acc\u00e8s Visite des ar\u00e8nes de Las Ventas | Site officiel","description":"Acc\u00e8s aux visites des Ar\u00e8nes de Las Ventas ainsi que les meilleurs moyens de transport publics et priv\u00e9s. Site Officiel.","robots":{"index":"index","follow":"follow","max-snippet":"max-snippet:-1","max-image-preview":"max-image-preview:large","max-video-preview":"max-video-preview:-1"},"canonical":"https:\/\/lasventastour.com\/fr\/acces\/","og_locale":"fr_FR","og_type":"article","og_title":"\u25b7Acc\u00e8s Visite des ar\u00e8nes de Las Ventas | Site officiel","og_description":"Acc\u00e8s aux visites des Ar\u00e8nes de Las Ventas ainsi que les meilleurs moyens de transport publics et priv\u00e9s. Site Officiel.","og_url":"https:\/\/lasventastour.com\/fr\/acces\/","og_site_name":"Las Ventas Tour","article_modified_time":"2025-09-04T11:58:29+00:00","og_image":[{"width":511,"height":280,"url":"https:\/\/lasventastour.com\/wp-content\/uploads\/2023\/12\/paseillo-en-las-ventas.webp","type":"image\/webp"}],"twitter_card":"summary_large_image","twitter_misc":{"Dur\u00e9e de lecture estim\u00e9e":"1 minute"},"schema":{"@context":"https:\/\/schema.org","@graph":[{"@type":"WebPage","@id":"https:\/\/lasventastour.com\/fr\/acces\/","url":"https:\/\/lasventastour.com\/fr\/acces\/","name":"\u25b7Acc\u00e8s Visite des ar\u00e8nes de Las Ventas | Site officiel","isPartOf":{"@id":"https:\/\/lasventastour.com\/fr\/#website"},"datePublished":"2023-09-27T14:59:45+00:00","dateModified":"2025-09-04T11:58:29+00:00","description":"Acc\u00e8s aux visites des Ar\u00e8nes de Las Ventas ainsi que les meilleurs moyens de transport publics et priv\u00e9s. Site Officiel.","breadcrumb":{"@id":"https:\/\/lasventastour.com\/fr\/acces\/#breadcrumb"},"inLanguage":"fr-FR","potentialAction":[{"@type":"ReadAction","target":["https:\/\/lasventastour.com\/fr\/acces\/"]}]},{"@type":"BreadcrumbList","@id":"https:\/\/lasventastour.com\/fr\/acces\/#breadcrumb","itemListElement":[{"@type":"ListItem","position":1,"name":"Portada","item":"https:\/\/lasventastour.com\/fr\/"},{"@type":"ListItem","position":2,"name":"Acc\u00e8s"}]},{"@type":"WebSite","@id":"https:\/\/lasventastour.com\/fr\/#website","url":"https:\/\/lasventastour.com\/fr\/","name":"Las Ventas Tour","description":"Tour Las Ventas | Plaza de Toros de Madrid | Web Oficial","publisher":{"@id":"https:\/\/lasventastour.com\/fr\/#organization"},"alternateName":"Las Ventas Tour","potentialAction":[{"@type":"SearchAction","target":{"@type":"EntryPoint","urlTemplate":"https:\/\/lasventastour.com\/fr\/?s={search_term_string}"},"query-input":{"@type":"PropertyValueSpecification","valueRequired":true,"valueName":"search_term_string"}}],"inLanguage":"fr-FR"},{"@type":"Organization","@id":"https:\/\/lasventastour.com\/fr\/#organization","name":"Las Ventas Tour","alternateName":"Las Ventas Tour","url":"https:\/\/lasventastour.com\/fr\/","logo":{"@type":"ImageObject","inLanguage":"fr-FR","@id":"https:\/\/lasventastour.com\/fr\/#\/schema\/logo\/image\/","url":"https:\/\/lasventastour.com\/wp-content\/uploads\/2024\/09\/cropped-Logo-Las-Ventas-1.webp","contentUrl":"https:\/\/lasventastour.com\/wp-content\/uploads\/2024\/09\/cropped-Logo-Las-Ventas-1.webp","width":512,"height":512,"caption":"Las Ventas Tour"},"image":{"@id":"https:\/\/lasventastour.com\/fr\/#\/schema\/logo\/image\/"},"sameAs":["https:\/\/www.instagram.com\/lasventastour\/"]}]}},"_links":{"self":[{"href":"https:\/\/lasventastour.com\/fr\/wp-json\/wp\/v2\/pages\/2052","targetHints":{"allow":["GET"]}}],"collection":[{"href":"https:\/\/lasventastour.com\/fr\/wp-json\/wp\/v2\/pages"}],"about":[{"href":"https:\/\/lasventastour.com\/fr\/wp-json\/wp\/v2\/types\/page"}],"author":[{"embeddable":true,"href":"https:\/\/lasventastour.com\/fr\/wp-json\/wp\/v2\/users\/1"}],"replies":[{"embeddable":true,"href":"https:\/\/lasventastour.com\/fr\/wp-json\/wp\/v2\/comments?post=2052"}],"version-history":[{"count":5,"href":"https:\/\/lasventastour.com\/fr\/wp-json\/wp\/v2\/pages\/2052\/revisions"}],"predecessor-version":[{"id":5009,"href":"https:\/\/lasventastour.com\/fr\/wp-json\/wp\/v2\/pages\/2052\/revisions\/5009"}],"wp:attachment":[{"href":"https:\/\/lasventastour.com\/fr\/wp-json\/wp\/v2\/media?parent=2052"}],"curies":[{"name":"wp","href":"https:\/\/api.w.org\/{rel}","templated":true}]}}

Accès

<section class="l-section wpb_row height_medium"><div class="l-section-h i-cf"><div class="g-cols vc_row via_grid cols_1 laptops-cols_inherit tablets-cols_inherit mobiles-cols_1 valign_top type_default stacking_default"><div class="wpb_column vc_column_container"><div class="vc_column-inner"><div class="wpb_text_column"><div class="wpb_wrapper"><h1 style="text-align: center;">Accès aux Arènes de Las Ventas</h1>
</div></div><div class="w-separator size_medium"></div><div class="g-cols wpb_row via_grid cols_2 laptops-cols_inherit tablets-cols_inherit mobiles-cols_1 valign_top type_default stacking_default" style="--columns-gap:3rem;"><div class="wpb_column vc_column_container"><div class="vc_column-inner"><div class="wpb_text_column"><div class="wpb_wrapper"><p><strong>Arènes de Las Ventas</strong> Entrée de la visite par la Puerta Grande (porte principale), en face de la station de métro. C/ Alcalá, 237 - 28028 Madrid Tél. et Whatsapp : +34 687 73 90 32 Email :<a href="mailto:info@lasventastour.com"> info@lasventastour.com</a></p>
</div></div></div></div><div class="wpb_column vc_column_container"><div class="vc_column-inner"><div class="wpb_text_column"><div class="wpb_wrapper"><p><strong>Transports publics :</strong></p>
<ul>
<li style="list-style-type: none;">
<ul>
<li>Métro : Station Ventas (ligne 2)</li>
<li>Bus : 12, 21, 38, 53, 53, 106, 110, 146</li>
</ul>
</li>
</ul>
</div></div></div></div></div></div></div></div></div></section><section class="l-section wpb_row height_medium"><div class="l-section-h i-cf"><div class="g-cols vc_row via_grid cols_1-4-1 laptops-cols_inherit tablets-cols_inherit mobiles-cols_1 valign_top type_default stacking_default"><div class="wpb_column vc_column_container"><div class="vc_column-inner"></div></div><div class="wpb_column vc_column_container"><div class="vc_column-inner"><div class="w-html"><iframe src="https://www.google.com/maps/embed?pb=!1m18!1m12!1m3!1d3036.972695597169!2d-3.6629044!3d40.4316035!2m3!1f0!2f0!3f0!3m2!1i1024!2i768!4f13.1!3m3!1m2!1s0xd42297ecc990d87%3A0x4aa81520b8c7b08e!2sLas%20Ventas%20Tour%20-%20Plaza%20de%20Toros%20Madrid!5e0!3m2!1ses!2ses!4v1756984089561!5m2!1ses!2ses" width="600" height="450" style="border:0;" allowfullscreen="" loading="lazy" referrerpolicy="no-referrer-when-downgrade"></iframe></div></div></div><div class="wpb_column vc_column_container"><div class="vc_column-inner"></div></div></div></div></section>

Accès aux Arènes de Las Ventas Arènes de Las Ventas Entrée de la visite par la Puerta Grande (porte principale), en face de la station de métro. C/ Alcalá, 237 - 28028 Madrid Tél. et Whatsapp : +34 687 73 90 32 Email : info@lasventastour.com Transports publics : Métro : Station Ventas (ligne 2) Bus...

<!-- This site is optimized with the Yoast SEO plugin v27.5 - https://yoast.com/product/yoast-seo-wordpress/ -->
<title>▷Accès Visite des arènes de Las Ventas | Site officiel</title>
<meta name="description" content="Accès aux visites des Arènes de Las Ventas ainsi que les meilleurs moyens de transport publics et privés. Site Officiel." />
<meta name="robots" content="index, follow, max-snippet:-1, max-image-preview:large, max-video-preview:-1" />
<link rel="canonical" href="https://lasventastour.com/fr/acces/" />
<meta property="og:locale" content="fr_FR" />
<meta property="og:type" content="article" />
<meta property="og:title" content="▷Accès Visite des arènes de Las Ventas | Site officiel" />
<meta property="og:description" content="Accès aux visites des Arènes de Las Ventas ainsi que les meilleurs moyens de transport publics et privés. Site Officiel." />
<meta property="og:url" content="https://lasventastour.com/fr/acces/" />
<meta property="og:site_name" content="Las Ventas Tour" />
<meta property="article:modified_time" content="2025-09-04T11:58:29+00:00" />
<meta property="og:image" content="https://lasventastour.com/wp-content/uploads/2023/12/paseillo-en-las-ventas.webp" />
	<meta property="og:image:width" content="511" />
	<meta property="og:image:height" content="280" />
	<meta property="og:image:type" content="image/webp" />
<meta name="twitter:card" content="summary_large_image" />
<meta name="twitter:label1" content="Durée de lecture estimée" />
	<meta name="twitter:data1" content="1 minute" />
<script type="application/ld+json" class="yoast-schema-graph">{"@context":"https:\/\/schema.org","@graph":[{"@type":"WebPage","@id":"https:\/\/lasventastour.com\/fr\/acces\/","url":"https:\/\/lasventastour.com\/fr\/acces\/","name":"▷Accès Visite des arènes de Las Ventas | Site officiel","isPartOf":{"@id":"https:\/\/lasventastour.com\/fr\/#website"},"datePublished":"2023-09-27T14:59:45+00:00","dateModified":"2025-09-04T11:58:29+00:00","description":"Accès aux visites des Arènes de Las Ventas ainsi que les meilleurs moyens de transport publics et privés. Site Officiel.","breadcrumb":{"@id":"https:\/\/lasventastour.com\/fr\/acces\/#breadcrumb"},"inLanguage":"fr-FR","potentialAction":[{"@type":"ReadAction","target":["https:\/\/lasventastour.com\/fr\/acces\/"]}]},{"@type":"BreadcrumbList","@id":"https:\/\/lasventastour.com\/fr\/acces\/#breadcrumb","itemListElement":[{"@type":"ListItem","position":1,"name":"Portada","item":"https:\/\/lasventastour.com\/fr\/"},{"@type":"ListItem","position":2,"name":"Accès"}]},{"@type":"WebSite","@id":"https:\/\/lasventastour.com\/fr\/#website","url":"https:\/\/lasventastour.com\/fr\/","name":"Las Ventas Tour","description":"Tour Las Ventas | Plaza de Toros de Madrid | Web Oficial","publisher":{"@id":"https:\/\/lasventastour.com\/fr\/#organization"},"alternateName":"Las Ventas Tour","potentialAction":[{"@type":"SearchAction","target":{"@type":"EntryPoint","urlTemplate":"https:\/\/lasventastour.com\/fr\/?s={search_term_string}"},"query-input":{"@type":"PropertyValueSpecification","valueRequired":true,"valueName":"search_term_string"}}],"inLanguage":"fr-FR"},{"@type":"Organization","@id":"https:\/\/lasventastour.com\/fr\/#organization","name":"Las Ventas Tour","alternateName":"Las Ventas Tour","url":"https:\/\/lasventastour.com\/fr\/","logo":{"@type":"ImageObject","inLanguage":"fr-FR","@id":"https:\/\/lasventastour.com\/fr\/#\/schema\/logo\/image\/","url":"https:\/\/lasventastour.com\/wp-content\/uploads\/2024\/09\/cropped-Logo-Las-Ventas-1.webp","contentUrl":"https:\/\/lasventastour.com\/wp-content\/uploads\/2024\/09\/cropped-Logo-Las-Ventas-1.webp","width":512,"height":512,"caption":"Las Ventas Tour"},"image":{"@id":"https:\/\/lasventastour.com\/fr\/#\/schema\/logo\/image\/"},"sameAs":["https:\/\/www.instagram.com\/lasventastour\/"]}]}</script>
<!-- / Yoast SEO plugin. -->

▷Accès Visite des arènes de Las Ventas | Site officiel

Accès aux visites des Arènes de Las Ventas ainsi que les meilleurs moyens de transport publics et privés. Site Officiel.
